{"id":235,"date":"2019-02-08T21:18:33","date_gmt":"2019-02-08T20:18:33","guid":{"rendered":"http:\/\/schale.se\/tradgard\/?page_id=235"},"modified":"2020-03-15T19:29:00","modified_gmt":"2020-03-15T18:29:00","slug":"bilder","status":"publish","type":"page","link":"https:\/\/schale.se\/tradgard\/bilder\/","title":{"rendered":"Bilder"},"content":{"rendered":"\n<div class=\"wp-block-group\"><div class=\"wp-block-group__inner-container is-layout-flow wp-block-group-is-layout-flow\">\nngg_shortcode_0_placeholder\n<\/div><\/div>\n\n\n\n<h2 class=\"has-text-color has-text-align-center wp-block-heading\" style=\"color:#1b6e02\">Sten<\/h2>\n\n\n\nngg_shortcode_1_placeholder\n\n\n\n<h2 class=\"has-text-color has-text-align-center wp-block-heading\" style=\"color:#0a4b01\">H\u00e4ckar<\/h2>\n\n\n\nngg_shortcode_2_placeholder\n\n\n\n<h2 class=\"has-text-color has-text-align-center wp-block-heading\" style=\"color:#054901\">Tr\u00e4dg\u00e5rd<\/h2>\n\n\n\nngg_shortcode_3_placeholder\n\n\n\n<h2 class=\"has-text-color has-text-align-center wp-block-heading\" style=\"color:#054901\">F\u00e4llning<\/h2>\n\n\n\nngg_shortcode_4_placeholder\n\n\n\n<p><\/p>\n","protected":false},"excerpt":{"rendered":"<p>Sten H\u00e4ckar Tr\u00e4dg\u00e5rd F\u00e4llning<\/p>\n","protected":false},"author":1,"featured_media":0,"parent":0,"menu_order":0,"comment_status":"closed","ping_status":"closed","template":"","meta":{"ngg_post_thumbnail":0,"footnotes":""},"class_list":["post-235","page","type-page","status-publish","hentry"],"_links":{"self":[{"href":"https:\/\/schale.se\/tradgard\/wp-json\/wp\/v2\/pages\/235","targetHints":{"allow":["GET"]}}],"collection":[{"href":"https:\/\/schale.se\/tradgard\/wp-json\/wp\/v2\/pages"}],"about":[{"href":"https:\/\/schale.se\/tradgard\/wp-json\/wp\/v2\/types\/page"}],"author":[{"embeddable":true,"href":"https:\/\/schale.se\/tradgard\/wp-json\/wp\/v2\/users\/1"}],"replies":[{"embeddable":true,"href":"https:\/\/schale.se\/tradgard\/wp-json\/wp\/v2\/comments?post=235"}],"version-history":[{"count":31,"href":"https:\/\/schale.se\/tradgard\/wp-json\/wp\/v2\/pages\/235\/revisions"}],"predecessor-version":[{"id":483,"href":"https:\/\/schale.se\/tradgard\/wp-json\/wp\/v2\/pages\/235\/revisions\/483"}],"wp:attachment":[{"href":"https:\/\/schale.se\/tradgard\/wp-json\/wp\/v2\/media?parent=235"}],"curies":[{"name":"wp","href":"https:\/\/api.w.org\/{rel}","templated":true}]}}